{"id":65,"date":"2013-11-23T19:15:34","date_gmt":"2013-11-23T19:15:34","guid":{"rendered":"http:\/\/www.verdichtet.at\/?page_id=65"},"modified":"2024-10-23T15:32:06","modified_gmt":"2024-10-23T15:32:06","slug":"ueber-uns","status":"publish","type":"page","link":"https:\/\/www.verdichtet.at\/?page_id=65","title":{"rendered":"\u00dcber uns"},"content":{"rendered":"<div class=\"pdfprnt-buttons pdfprnt-buttons-page pdfprnt-top-right\"><a href=\"https:\/\/www.verdichtet.at\/index.php?rest_route=wpv2pages65&print=pdf\" class=\"pdfprnt-button pdfprnt-button-pdf\" target=\"_blank\"><\/a><a href=\"https:\/\/www.verdichtet.at\/index.php?rest_route=wpv2pages65&print=print\" class=\"pdfprnt-button pdfprnt-button-print\" target=\"_blank\"><\/a><\/div><p>Carmen Rosina &amp; Michaela Swoboda<\/p>\n<p>Da haben sich zwei bibliophile Wesen gefunden: Das eine ist ausgebildete Buchh\u00e4ndlerin, das andere ist Buchautorin<span style=\"color: #333333;\"> und als solche auch Mitglied bei der IG Autorinnen und Autoren. (Diese wichtige Interessensvertretung der im Literaturbetrieb Kreativen unterst\u00fctzt auch unsere Plattform unter anderem durch die freundliche <a href=\"http:\/\/www.verdichtet.at\/wp-content\/uploads\/2022\/09\/autsol22.pdf\" target=\"_blank\">Erw\u00e4hnung <\/a><\/span><a href=\"http:\/\/www.verdichtet.at\/wp-content\/uploads\/2022\/09\/autsol22.pdf\" target=\"_blank\">in ihrer Zeitschrift Autor<span style=\"color: #333333;\">\u00b7<\/span>innensolidarit\u00e4t<\/a><span style=\"color: #333333;\">.) <\/span><\/p>\n<p>Kennengelernt haben wir uns bei unserer Arbeit als Bibliothekarinnen im Bereich E-Medien an einer \u00f6sterreichischen Universit\u00e4t. Auch als sich unsere beruflichen Wege sp\u00e4ter trennten und eine von uns\u00a0unter anderem ins Korrektorat eines gro\u00dfen\u00a0Verlagshauses f\u00fchrten, blieben wir verbunden\u00a0\u2013\u00a0und sind es bis jetzt.<br \/>\nPrivate Gen\u00fcsse verschaffen wir uns (auch) als Gernleserinnen und Gelegenheitsschreibende.<\/p>\n<p>Was wir hier anbieten m\u00f6chten: eine Plattform f\u00fcr ausgew\u00e4hlte Kurztexte, die\u00a0Wertvolles, Schr\u00e4ges, Humorvolles, Spannendes, &#8230; mit einem Wort Lesenswertes\u00a0von verschiedensten Autorinnen und Autoren, mit ganz unterschiedlichen Stilen, Sicht- und Herangehensweisen (ver)sammelt.<\/p>\n<p>verdichtet.at sehen wir als ein Projekt, das die Lesenden und Schreibenden auf eine Ebene stellt, sodass alle ihre Freude daran haben k\u00f6nnen. Genauso halten wir es mit den Texten: Bei uns darf ein Gedicht\u00a0gleichberechtigt neben einer Kurzgeschichte, einer Miniatur oder einem Mikrotext erscheinen.<\/p>\n<p>Texte und Anregungen senden Sie bitte an <a href=\"mailto:redaktion@verdichtet.at\">redaktion@verdichtet.at<\/a>.<\/p>\n<p>Wir sind gespannt auf Ihre Sicht der Dinge!<\/p>\n","protected":false},"excerpt":{"rendered":"<p>Carmen Rosina &amp; Michaela Swoboda Da haben sich zwei bibliophile Wesen gefunden: Das eine ist ausgebildete Buchh\u00e4ndlerin, das andere ist Buchautorin und als solche auch Mitglied bei der IG Autorinnen und Autoren. (Diese wichtige Interessensvertretung der im Literaturbetrieb Kreativen unterst\u00fctzt auch unsere Plattform unter anderem durch die freundliche Erw\u00e4hnung in ihrer Zeitschrift Autor\u00b7innensolidarit\u00e4t.) Kennengelernt haben [&hellip;]<\/p>\n","protected":false},"author":4,"featured_media":0,"parent":0,"menu_order":0,"comment_status":"closed","ping_status":"open","template":"","meta":{"footnotes":""},"class_list":["post-65","page","type-page","status-publish","hentry"],"_links":{"self":[{"href":"https:\/\/www.verdichtet.at\/index.php?rest_route=\/wp\/v2\/pages\/65","targetHints":{"allow":["GET"]}}],"collection":[{"href":"https:\/\/www.verdichtet.at\/index.php?rest_route=\/wp\/v2\/pages"}],"about":[{"href":"https:\/\/www.verdichtet.at\/index.php?rest_route=\/wp\/v2\/types\/page"}],"author":[{"embeddable":true,"href":"https:\/\/www.verdichtet.at\/index.php?rest_route=\/wp\/v2\/users\/4"}],"replies":[{"embeddable":true,"href":"https:\/\/www.verdichtet.at\/index.php?rest_route=%2Fwp%2Fv2%2Fcomments&post=65"}],"version-history":[{"count":26,"href":"https:\/\/www.verdichtet.at\/index.php?rest_route=\/wp\/v2\/pages\/65\/revisions"}],"predecessor-version":[{"id":18931,"href":"https:\/\/www.verdichtet.at\/index.php?rest_route=\/wp\/v2\/pages\/65\/revisions\/18931"}],"wp:attachment":[{"href":"https:\/\/www.verdichtet.at\/index.php?rest_route=%2Fwp%2Fv2%2Fmedia&parent=65"}],"curies":[{"name":"wp","href":"https:\/\/api.w.org\/{rel}","templated":true}]}}