{"id":15365,"date":"2023-02-04T16:29:12","date_gmt":"2023-02-04T16:29:12","guid":{"rendered":"http:\/\/www.verdichtet.at\/?page_id=15365"},"modified":"2023-02-04T16:30:23","modified_gmt":"2023-02-04T16:30:23","slug":"wortbild","status":"publish","type":"page","link":"https:\/\/www.verdichtet.at\/?page_id=15365","title":{"rendered":"Wortbild"},"content":{"rendered":"<div class=\"pdfprnt-buttons pdfprnt-buttons-page pdfprnt-top-right\"><a href=\"https:\/\/www.verdichtet.at\/index.php?rest_route=wpv2pages15365&print=pdf\" class=\"pdfprnt-button pdfprnt-button-pdf\" target=\"_blank\"><\/a><a href=\"https:\/\/www.verdichtet.at\/index.php?rest_route=wpv2pages15365&print=print\" class=\"pdfprnt-button pdfprnt-button-print\" target=\"_blank\"><\/a><\/div>\n\n<div class=\"su-posts su-posts-default-loop \">\n\n\t\n\t\t\t\t\t\n\t\t\t\n\t\t\t<div id=\"su-post-22147\" class=\"su-post \">\n\n\t\t\t\t\n\t\t\t\t<h2 class=\"su-post-title\"><a href=\"https:\/\/www.verdichtet.at\/?p=22147\">Pi-Gedicht<\/a><\/h2>\n\n\t\t\t\t<div class=\"su-post-meta\">\n\t\t\t\t\tVer\u00f6ffentlicht: 13. M\u00e4rz 2026\t\t\t\t<\/div>\n\n\t\t\t\t<div class=\"su-post-excerpt\">\n\t\t\t\t\t<p>Antonia H. www.verdichtet.at |\u00a0Kategorie: Wortbild | Inventarnummer: 26077<\/p>\n\t\t\t\t<\/div>\n\n\t\t\t\t\t\t\t\t\t<a href=\"https:\/\/www.verdichtet.at\/?p=22147#respond\" class=\"su-post-comments-link\">0 Kommentare<\/a>\n\t\t\t\t\n\t\t\t<\/div>\n\n\t\t\t\t\t\n\t\t\t\n\t\t\t<div id=\"su-post-15536\" class=\"su-post \">\n\n\t\t\t\t\n\t\t\t\t<h2 class=\"su-post-title\"><a href=\"https:\/\/www.verdichtet.at\/?p=15536\">\u00dcbermalungen<\/a><\/h2>\n\n\t\t\t\t<div class=\"su-post-meta\">\n\t\t\t\t\tVer\u00f6ffentlicht: 18. Februar 2023\t\t\t\t<\/div>\n\n\t\t\t\t<div class=\"su-post-excerpt\">\n\t\t\t\t\t<p>\u00dcbermalungen und gehen mit dem Pinsel in der Hand und \u00fcbermalen die grauen Hinterh\u00f6fe die Haltestellen die dem Fr\u00fchling den Einzug erschweren das Rote damit es nicht blutet gehen vorbei an den pf\u00fctzenknarrenden Portalen mit den Farben und \u00fcbermalen die Blassen und das was uns die Angst einjagt konsequent zum anderen Kontinent ohne Eile ein [&hellip;]<\/p>\n\t\t\t\t<\/div>\n\n\t\t\t\t\t\t\t\t\t<a href=\"https:\/\/www.verdichtet.at\/?p=15536#respond\" class=\"su-post-comments-link\">0 Kommentare<\/a>\n\t\t\t\t\n\t\t\t<\/div>\n\n\t\t\t\t\t\n\t\t\t\n\t\t\t<div id=\"su-post-15530\" class=\"su-post \">\n\n\t\t\t\t\n\t\t\t\t<h2 class=\"su-post-title\"><a href=\"https:\/\/www.verdichtet.at\/?p=15530\">Sie h\u00e4lt<\/a><\/h2>\n\n\t\t\t\t<div class=\"su-post-meta\">\n\t\t\t\t\tVer\u00f6ffentlicht: 18. Februar 2023\t\t\t\t<\/div>\n\n\t\t\t\t<div class=\"su-post-excerpt\">\n\t\t\t\t\t<p>Sie h\u00e4lt das Geschriebene gegen das Gl\u00fchbirnenlicht Reibt mit einem Finger zwischen den Zeilen Feilt das Spitzige rund Ein Tropfen \u00d6l gibt den letzten Schliff Dann entdeckt sie eine Tr\u00fcbung Ein Vers ist eine Vers.Suchung Und wieviel Ver.Suche ertr\u00e4gt es? Summen im Hinterkopf M\u00fcdes Pl\u00e4tschern des Zimmerbrunnens Gegen das Fr\u00fchmorgenlicht h\u00e4lt sie das Geschriebene Zeilen [&hellip;]<\/p>\n\t\t\t\t<\/div>\n\n\t\t\t\t\t\t\t\t\t<a href=\"https:\/\/www.verdichtet.at\/?p=15530#respond\" class=\"su-post-comments-link\">0 Kommentare<\/a>\n\t\t\t\t\n\t\t\t<\/div>\n\n\t\t\t\t\t\n\t\t\t\n\t\t\t<div id=\"su-post-15525\" class=\"su-post \">\n\n\t\t\t\t\n\t\t\t\t<h2 class=\"su-post-title\"><a href=\"https:\/\/www.verdichtet.at\/?p=15525\">Ophelia<\/a><\/h2>\n\n\t\t\t\t<div class=\"su-post-meta\">\n\t\t\t\t\tVer\u00f6ffentlicht: 18. Februar 2023\t\t\t\t<\/div>\n\n\t\t\t\t<div class=\"su-post-excerpt\">\n\t\t\t\t\t<p>Ophelia steigt aus dem Wasser: ich spiele nicht mehr mit, genug von dieser Ophelia Opfer Rolle, genug ins Wasser gegangen, ertrinken kann ich nicht, habe das Schwimmen gelernt. Und du spiel mir keinen Prinzen mehr vor, diesen Narren, genug von den blutd\u00fcrstigen Spinnereien, lieber die G\u00f6ttliche Kom\u00f6die. Sie zieht ein helles Kleid an, kramt in [&hellip;]<\/p>\n\t\t\t\t<\/div>\n\n\t\t\t\t\t\t\t\t\t<a href=\"https:\/\/www.verdichtet.at\/?p=15525#respond\" class=\"su-post-comments-link\">0 Kommentare<\/a>\n\t\t\t\t\n\t\t\t<\/div>\n\n\t\t\t\t\t\n\t\t\t\n\t\t\t<div id=\"su-post-15451\" class=\"su-post \">\n\n\t\t\t\t\n\t\t\t\t<h2 class=\"su-post-title\"><a href=\"https:\/\/www.verdichtet.at\/?p=15451\">Hinter den geschlossenen T\u00fcren<\/a><\/h2>\n\n\t\t\t\t<div class=\"su-post-meta\">\n\t\t\t\t\tVer\u00f6ffentlicht: 10. Februar 2023\t\t\t\t<\/div>\n\n\t\t\t\t<div class=\"su-post-excerpt\">\n\t\t\t\t\t<p>Hinter den geschlossenen T\u00fcren werden Gabeln poliert f\u00fcr die n\u00e4chste Zugabe, wird Posaune ge\u00fcbt f\u00fcr das J\u00fcngste Gericht Zu gro\u00dfe Brust wird flachgelegt und geschmeckt zu kleiner Kopf in den Topf gesteckt, wird laut diskutiert \u00fcber die Abwesenheit der Milch wird geklagt \u00fcber das Nachlassen der Schwerkraft Hinter den geschlossenen T\u00fcren wird die Liebe kalt [&hellip;]<\/p>\n\t\t\t\t<\/div>\n\n\t\t\t\t\t\t\t\t\t<a href=\"https:\/\/www.verdichtet.at\/?p=15451#respond\" class=\"su-post-comments-link\">0 Kommentare<\/a>\n\t\t\t\t\n\t\t\t<\/div>\n\n\t\t\t\t\t\n\t\t\t\n\t\t\t<div id=\"su-post-15448\" class=\"su-post \">\n\n\t\t\t\t\n\t\t\t\t<h2 class=\"su-post-title\"><a href=\"https:\/\/www.verdichtet.at\/?p=15448\">Gelb<\/a><\/h2>\n\n\t\t\t\t<div class=\"su-post-meta\">\n\t\t\t\t\tVer\u00f6ffentlicht: 8. Februar 2023\t\t\t\t<\/div>\n\n\t\t\t\t<div class=\"su-post-excerpt\">\n\t\t\t\t\t<p>Gelb das \u00fcber die Kanten und Ecken schwebt die m\u00fcden Fl\u00e4chen schleift schwungvoll die Rundungen \u00fcberholend in den Herbst lenkt gelb geduldig das nicht vor der K\u00e4lte zur\u00fcckweicht das gl\u00e4nzt auf allen Seiten lichtvernetztes Gelb Irena Habalik https:\/\/irenahabalik.wordpress.com www.verdichtet.at | Kategorie: Wortbild | Inventarnummer: 23065<\/p>\n\t\t\t\t<\/div>\n\n\t\t\t\t\t\t\t\t\t<a href=\"https:\/\/www.verdichtet.at\/?p=15448#respond\" class=\"su-post-comments-link\">0 Kommentare<\/a>\n\t\t\t\t\n\t\t\t<\/div>\n\n\t\t\t\t\t\n\t\t\t\n\t\t\t<div id=\"su-post-15356\" class=\"su-post \">\n\n\t\t\t\t\n\t\t\t\t<h2 class=\"su-post-title\"><a href=\"https:\/\/www.verdichtet.at\/?p=15356\">Es gr\u00fcnt<\/a><\/h2>\n\n\t\t\t\t<div class=\"su-post-meta\">\n\t\t\t\t\tVer\u00f6ffentlicht: 2. Februar 2023\t\t\t\t<\/div>\n\n\t\t\t\t<div class=\"su-post-excerpt\">\n\t\t\t\t\t<p>Es gr\u00fcnt auf den Lippen Zungen Balken auf den grauen Decken Gr\u00fcn ist Geduld Verwunderung eine aus dem Schacht fliegende Metapher Im Gr\u00fcnen f\u00fchren Libellen ihre Vorf\u00fchrungst\u00e4nze flattern Blaustaub Violett Rosabl\u00e4tter Im Gr\u00fcnen sein im Stillen Verborgenen Ins Gr\u00fcne fallen ohne Kleider ohne Worte fallen aus allen Wolken Irena Habalik https:\/\/irenahabalik.wordpress.com www.verdichtet.at | Kategorie: Wortbild [&hellip;]<\/p>\n\t\t\t\t<\/div>\n\n\t\t\t\t\t\t\t\t\t<a href=\"https:\/\/www.verdichtet.at\/?p=15356#respond\" class=\"su-post-comments-link\">0 Kommentare<\/a>\n\t\t\t\t\n\t\t\t<\/div>\n\n\t\t\n\t\n<\/div>\n\n","protected":false},"excerpt":{"rendered":"","protected":false},"author":4,"featured_media":0,"parent":405,"menu_order":0,"comment_status":"closed","ping_status":"closed","template":"","meta":{"footnotes":""},"class_list":["post-15365","page","type-page","status-publish","hentry"],"_links":{"self":[{"href":"https:\/\/www.verdichtet.at\/index.php?rest_route=\/wp\/v2\/pages\/15365","targetHints":{"allow":["GET"]}}],"collection":[{"href":"https:\/\/www.verdichtet.at\/index.php?rest_route=\/wp\/v2\/pages"}],"about":[{"href":"https:\/\/www.verdichtet.at\/index.php?rest_route=\/wp\/v2\/types\/page"}],"author":[{"embeddable":true,"href":"https:\/\/www.verdichtet.at\/index.php?rest_route=\/wp\/v2\/users\/4"}],"replies":[{"embeddable":true,"href":"https:\/\/www.verdichtet.at\/index.php?rest_route=%2Fwp%2Fv2%2Fcomments&post=15365"}],"version-history":[{"count":2,"href":"https:\/\/www.verdichtet.at\/index.php?rest_route=\/wp\/v2\/pages\/15365\/revisions"}],"predecessor-version":[{"id":15367,"href":"https:\/\/www.verdichtet.at\/index.php?rest_route=\/wp\/v2\/pages\/15365\/revisions\/15367"}],"up":[{"embeddable":true,"href":"https:\/\/www.verdichtet.at\/index.php?rest_route=\/wp\/v2\/pages\/405"}],"wp:attachment":[{"href":"https:\/\/www.verdichtet.at\/index.php?rest_route=%2Fwp%2Fv2%2Fmedia&parent=15365"}],"curies":[{"name":"wp","href":"https:\/\/api.w.org\/{rel}","templated":true}]}}

<div class="pdfprnt-buttons pdfprnt-buttons-page pdfprnt-top-right"><a href="https://www.verdichtet.at/index.php?rest_route=wpv2pages15365&print=pdf" class="pdfprnt-button pdfprnt-button-pdf" target="_blank"></a><a href="https://www.verdichtet.at/index.php?rest_route=wpv2pages15365&print=print" class="pdfprnt-button pdfprnt-button-print" target="_blank"></a></div>

<div class="su-posts su-posts-default-loop ">

	
					
			
			<div id="su-post-22147" class="su-post ">

				
				<h2 class="su-post-title"><a href="https://www.verdichtet.at/?p=22147">Pi-Gedicht</a></h2>

				<div class="su-post-meta">
					Veröffentlicht: 13. März 2026				</div>

				<div class="su-post-excerpt">
					<p>Antonia H. www.verdichtet.at | Kategorie: Wortbild | Inventarnummer: 26077</p>
				</div>

									<a href="https://www.verdichtet.at/?p=22147#respond" class="su-post-comments-link">0 Kommentare</a>
				
			</div>

					
			
			<div id="su-post-15536" class="su-post ">

				
				<h2 class="su-post-title"><a href="https://www.verdichtet.at/?p=15536">Übermalungen</a></h2>

				<div class="su-post-meta">
					Veröffentlicht: 18. Februar 2023				</div>

				<div class="su-post-excerpt">
					<p>Übermalungen und gehen mit dem Pinsel in der Hand und übermalen die grauen Hinterhöfe die Haltestellen die dem Frühling den Einzug erschweren das Rote damit es nicht blutet gehen vorbei an den pfützenknarrenden Portalen mit den Farben und übermalen die Blassen und das was uns die Angst einjagt konsequent zum anderen Kontinent ohne Eile ein [&hellip;]</p>
				</div>

									<a href="https://www.verdichtet.at/?p=15536#respond" class="su-post-comments-link">0 Kommentare</a>
				
			</div>

					
			
			<div id="su-post-15530" class="su-post ">

				
				<h2 class="su-post-title"><a href="https://www.verdichtet.at/?p=15530">Sie hält</a></h2>

				<div class="su-post-meta">
					Veröffentlicht: 18. Februar 2023				</div>

				<div class="su-post-excerpt">
					<p>Sie hält das Geschriebene gegen das Glühbirnenlicht Reibt mit einem Finger zwischen den Zeilen Feilt das Spitzige rund Ein Tropfen Öl gibt den letzten Schliff Dann entdeckt sie eine Trübung Ein Vers ist eine Vers.Suchung Und wieviel Ver.Suche erträgt es? Summen im Hinterkopf Müdes Plätschern des Zimmerbrunnens Gegen das Frühmorgenlicht hält sie das Geschriebene Zeilen [&hellip;]</p>
				</div>

									<a href="https://www.verdichtet.at/?p=15530#respond" class="su-post-comments-link">0 Kommentare</a>
				
			</div>

					
			
			<div id="su-post-15525" class="su-post ">

				
				<h2 class="su-post-title"><a href="https://www.verdichtet.at/?p=15525">Ophelia</a></h2>

				<div class="su-post-meta">
					Veröffentlicht: 18. Februar 2023				</div>

				<div class="su-post-excerpt">
					<p>Ophelia steigt aus dem Wasser: ich spiele nicht mehr mit, genug von dieser Ophelia Opfer Rolle, genug ins Wasser gegangen, ertrinken kann ich nicht, habe das Schwimmen gelernt. Und du spiel mir keinen Prinzen mehr vor, diesen Narren, genug von den blutdürstigen Spinnereien, lieber die Göttliche Komödie. Sie zieht ein helles Kleid an, kramt in [&hellip;]</p>
				</div>

									<a href="https://www.verdichtet.at/?p=15525#respond" class="su-post-comments-link">0 Kommentare</a>
				
			</div>

					
			
			<div id="su-post-15451" class="su-post ">

				
				<h2 class="su-post-title"><a href="https://www.verdichtet.at/?p=15451">Hinter den geschlossenen Türen</a></h2>

				<div class="su-post-meta">
					Veröffentlicht: 10. Februar 2023				</div>

				<div class="su-post-excerpt">
					<p>Hinter den geschlossenen Türen werden Gabeln poliert für die nächste Zugabe, wird Posaune geübt für das Jüngste Gericht Zu große Brust wird flachgelegt und geschmeckt zu kleiner Kopf in den Topf gesteckt, wird laut diskutiert über die Abwesenheit der Milch wird geklagt über das Nachlassen der Schwerkraft Hinter den geschlossenen Türen wird die Liebe kalt [&hellip;]</p>
				</div>

									<a href="https://www.verdichtet.at/?p=15451#respond" class="su-post-comments-link">0 Kommentare</a>
				
			</div>

					
			
			<div id="su-post-15448" class="su-post ">

				
				<h2 class="su-post-title"><a href="https://www.verdichtet.at/?p=15448">Gelb</a></h2>

				<div class="su-post-meta">
					Veröffentlicht: 8. Februar 2023				</div>

				<div class="su-post-excerpt">
					<p>Gelb das über die Kanten und Ecken schwebt die müden Flächen schleift schwungvoll die Rundungen überholend in den Herbst lenkt gelb geduldig das nicht vor der Kälte zurückweicht das glänzt auf allen Seiten lichtvernetztes Gelb Irena Habalik https://irenahabalik.wordpress.com www.verdichtet.at | Kategorie: Wortbild | Inventarnummer: 23065</p>
				</div>

									<a href="https://www.verdichtet.at/?p=15448#respond" class="su-post-comments-link">0 Kommentare</a>
				
			</div>

					
			
			<div id="su-post-15356" class="su-post ">

				
				<h2 class="su-post-title"><a href="https://www.verdichtet.at/?p=15356">Es grünt</a></h2>

				<div class="su-post-meta">
					Veröffentlicht: 2. Februar 2023				</div>

				<div class="su-post-excerpt">
					<p>Es grünt auf den Lippen Zungen Balken auf den grauen Decken Grün ist Geduld Verwunderung eine aus dem Schacht fliegende Metapher Im Grünen führen Libellen ihre Vorführungstänze flattern Blaustaub Violett Rosablätter Im Grünen sein im Stillen Verborgenen Ins Grüne fallen ohne Kleider ohne Worte fallen aus allen Wolken Irena Habalik https://irenahabalik.wordpress.com www.verdichtet.at | Kategorie: Wortbild [&hellip;]</p>
				</div>

									<a href="https://www.verdichtet.at/?p=15356#respond" class="su-post-comments-link">0 Kommentare</a>
				
			</div>

		
	
</div>
