{"id":120,"date":"2013-11-24T16:44:16","date_gmt":"2013-11-24T16:44:16","guid":{"rendered":"http:\/\/www.verdichtet.at\/?page_id=120"},"modified":"2025-07-06T12:44:32","modified_gmt":"2025-07-06T12:44:32","slug":"fuer-autorinnen","status":"publish","type":"page","link":"https:\/\/www.verdichtet.at\/?page_id=120","title":{"rendered":"F\u00fcr Schreibende"},"content":{"rendered":"<div class=\"pdfprnt-buttons pdfprnt-buttons-page pdfprnt-top-right\"><a href=\"https:\/\/www.verdichtet.at\/index.php?rest_route=wpv2pages120&print=pdf\" class=\"pdfprnt-button pdfprnt-button-pdf\" target=\"_blank\"><\/a><a href=\"https:\/\/www.verdichtet.at\/index.php?rest_route=wpv2pages120&print=print\" class=\"pdfprnt-button pdfprnt-button-print\" target=\"_blank\"><\/a><\/div><p>Wir freuen uns \u00fcber Ihre Texte. Bitte beachten Sie auch das Folgende: Das Redaktionsteam entscheidet in Absprache mit mehreren TestleserInnen, denen die Texte anonymisiert vorgelegt werden,\u00a0\u00fcber die Aufnahme eines Textes. Die Ver\u00f6ffentlichung auf verdichtet.at erfolgt kostenlos.<\/p>\n<p>Die Redaktion beh\u00e4lt sich vor, offensichtliche Rechtschreib- und Grammatikfehler zu korrigieren, ansonsten bleiben die Texte unver\u00e4ndert. Sollten wir dar\u00fcber hinaus \u00c4nderungsvorschl\u00e4ge haben, so erfolgt selbstverst\u00e4ndlich eine R\u00fcckfrage bei Ihnen, bevor Ihr Text online geht. Diese Lektoratsarbeit bieten wir f\u00fcr auf verdichtet.at ver\u00f6ffentlichte Texte\u00a0kostenlos an. Das Lektorat sehen wir als wichtigen Teil der Redaktionsarbeit und als Service an unseren Schreibenden und Lesenden. Wir freuen uns auch sehr \u00fcber Ihre R\u00fcckmeldungen dazu und finden es gut, wenn ein Austausch von Eindr\u00fccken und Erfahrungen entsteht, von dem alle profitieren k\u00f6nnen.<br \/>\nWir haben an dieser Stelle eine Bitte an Sie, n\u00e4mlich jene, uns jeweils die Endversion Ihres Textes zu schicken, also keine Texte, die Sie noch \u00fcberarbeiten m\u00f6chten. Das hat einen einfachen Grund: Wir schicken Ihre Texte in die Testleserunde. Diese macht sich ein Bild und meldet uns r\u00fcck. Nachtr\u00e4gliche \u00c4nderungen sind recht aufw\u00e4ndig zu kommunizieren. Au\u00dferdem, bei vollstem Verst\u00e4ndnis f\u00fcr sp\u00e4tere Eingebungen (davor ist schlie\u00dflich niemand gefeit) und \u00dcberarbeitungen, erh\u00f6ht jede neue Textversion unseren Lektoratsaufwand betr\u00e4chtlich.<br \/>\nWir haben uns also etwas \u00fcberlegt und schlagen als L\u00f6sung vor: Wenn Sie uns bereits einen Text zugeschickt haben, dann aber ganz ungl\u00fccklich mit der einen oder anderen Formulierung, diesem oder jenem Textabschnitt sind und\/oder im Nachhinein eine bahnbrechende Idee einarbeiten wollen, so markieren Sie die ge\u00e4nderten Stellen bitte in Farbe, bevor Sie uns das \u00fcberarbeitete Dokument zuschicken. F\u00fcr Sie nicht viel Aufwand, f\u00fcr uns eine enorme Erleichterung. Einverstanden? \ud83d\ude09<\/p>\n<p>Ein kleiner Hinweis noch auf die Inhalte, die auf verdichtet.at ver\u00f6ffentlicht werden: Auf unserer Seite finden alle Arten von Kurztexten ihre Heimat, es gibt allerdings zwei Ausnahmen: Wir ver\u00f6ffentlichen erstens keine Kinderliteratur, weil sich unsere Plattform eindeutig an Erwachsene richtet und wir uns damit festgelegt haben. Wir haben auch klar ausgewiesene &#8222;erwachsene&#8220; Kategorien, und die vertr\u00e4gliche Mischung mit Kinderliteratur (die wir im \u00dcbrigen auch sehr sch\u00e4tzen) kann da unseres Erachtens kaum gelingen. Zweitens, und damit kommen wir zur n\u00e4chsten Ausnahme, haben wir nur ganz wenig Mundartliches ver\u00f6ffentlicht, weil viele Lesende ihre Probleme mit Dialektalem haben, und das tr\u00fcbt dann das Lesevergn\u00fcgen. Wir wollen f\u00fcr m\u00f6glichst alle lesbar und verst\u00e4ndlich bleiben, die der deutschen Sprache m\u00e4chtig sind, und bitten deswegen um Verst\u00e4ndnis, dass ein stark mundartlich gepr\u00e4gter Text dem h\u00e4ufig nicht entsprechen kann.<br \/>\nAbgesehen von diesen beiden Ausnahmen ist uns aber nat\u00fcrlich alles willkommen, was mit Hingabe und Eigensinn geschrieben wurde.<\/p>\n<p>Sollten sich Zeitungen oder Verlage f\u00fcr Ihren Text interessieren, so nehmen wir Kontakt mit Ihnen auf und holen Ihr Einverst\u00e4ndnis zur dortigen Ver\u00f6ffentlichung ein. Daraus resultierende Honorarzahlungen werden\u00a0zur G\u00e4nze\u00a0an Sie, unsere AutorInnen, weitergegeben.<\/p>\n<p>Bitte geben Sie Namen und Adresse an. \u00dcblicherweise wird Ihr Name beim Text aufscheinen, die \u00fcbrigen Daten werden weder ver\u00f6ffentlicht noch an Dritte weitergegeben. Sollten Sie keine Namensnennung oder die Verwendung eines Pseudonyms bei Ihrem Text w\u00fcnschen, so vermerken Sie dies bitte, auch dieser Wunsch wird respektiert.<\/p>\n<p>Am einfachsten ist es f\u00fcr uns, wenn Sie uns Ihren Text als Word-Dokument schicken, aber auch OpenDocument-Textformate sind m\u00f6glich.<b> <\/b><\/p>\n<p>Ihre Texte senden Sie bitte an <a href=\"mailto:redaktion@verdichtet.at\">redaktion@verdichtet.at<\/a>.<\/p>\n","protected":false},"excerpt":{"rendered":"<p>Wir freuen uns \u00fcber Ihre Texte. Bitte beachten Sie auch das Folgende: Das Redaktionsteam entscheidet in Absprache mit mehreren TestleserInnen, denen die Texte anonymisiert vorgelegt werden,\u00a0\u00fcber die Aufnahme eines Textes. Die Ver\u00f6ffentlichung auf verdichtet.at erfolgt kostenlos. Die Redaktion beh\u00e4lt sich vor, offensichtliche Rechtschreib- und Grammatikfehler zu korrigieren, ansonsten bleiben die Texte unver\u00e4ndert. Sollten wir dar\u00fcber [&hellip;]<\/p>\n","protected":false},"author":4,"featured_media":0,"parent":0,"menu_order":0,"comment_status":"closed","ping_status":"closed","template":"","meta":{"footnotes":""},"class_list":["post-120","page","type-page","status-publish","hentry"],"_links":{"self":[{"href":"https:\/\/www.verdichtet.at\/index.php?rest_route=\/wp\/v2\/pages\/120","targetHints":{"allow":["GET"]}}],"collection":[{"href":"https:\/\/www.verdichtet.at\/index.php?rest_route=\/wp\/v2\/pages"}],"about":[{"href":"https:\/\/www.verdichtet.at\/index.php?rest_route=\/wp\/v2\/types\/page"}],"author":[{"embeddable":true,"href":"https:\/\/www.verdichtet.at\/index.php?rest_route=\/wp\/v2\/users\/4"}],"replies":[{"embeddable":true,"href":"https:\/\/www.verdichtet.at\/index.php?rest_route=%2Fwp%2Fv2%2Fcomments&post=120"}],"version-history":[{"count":21,"href":"https:\/\/www.verdichtet.at\/index.php?rest_route=\/wp\/v2\/pages\/120\/revisions"}],"predecessor-version":[{"id":20405,"href":"https:\/\/www.verdichtet.at\/index.php?rest_route=\/wp\/v2\/pages\/120\/revisions\/20405"}],"wp:attachment":[{"href":"https:\/\/www.verdichtet.at\/index.php?rest_route=%2Fwp%2Fv2%2Fmedia&parent=120"}],"curies":[{"name":"wp","href":"https:\/\/api.w.org\/{rel}","templated":true}]}}

Für Schreibende

<div class="pdfprnt-buttons pdfprnt-buttons-page pdfprnt-top-right"><a href="https://www.verdichtet.at/index.php?rest_route=wpv2pages120&print=pdf" class="pdfprnt-button pdfprnt-button-pdf" target="_blank"></a><a href="https://www.verdichtet.at/index.php?rest_route=wpv2pages120&print=print" class="pdfprnt-button pdfprnt-button-print" target="_blank"></a></div><p>Wir freuen uns über Ihre Texte. Bitte beachten Sie auch das Folgende: Das Redaktionsteam entscheidet in Absprache mit mehreren TestleserInnen, denen die Texte anonymisiert vorgelegt werden, über die Aufnahme eines Textes. Die Veröffentlichung auf verdichtet.at erfolgt kostenlos.</p>
<p>Die Redaktion behält sich vor, offensichtliche Rechtschreib- und Grammatikfehler zu korrigieren, ansonsten bleiben die Texte unverändert. Sollten wir darüber hinaus Änderungsvorschläge haben, so erfolgt selbstverständlich eine Rückfrage bei Ihnen, bevor Ihr Text online geht. Diese Lektoratsarbeit bieten wir für auf verdichtet.at veröffentlichte Texte kostenlos an. Das Lektorat sehen wir als wichtigen Teil der Redaktionsarbeit und als Service an unseren Schreibenden und Lesenden. Wir freuen uns auch sehr über Ihre Rückmeldungen dazu und finden es gut, wenn ein Austausch von Eindrücken und Erfahrungen entsteht, von dem alle profitieren können.<br />
Wir haben an dieser Stelle eine Bitte an Sie, nämlich jene, uns jeweils die Endversion Ihres Textes zu schicken, also keine Texte, die Sie noch überarbeiten möchten. Das hat einen einfachen Grund: Wir schicken Ihre Texte in die Testleserunde. Diese macht sich ein Bild und meldet uns rück. Nachträgliche Änderungen sind recht aufwändig zu kommunizieren. Außerdem, bei vollstem Verständnis für spätere Eingebungen (davor ist schließlich niemand gefeit) und Überarbeitungen, erhöht jede neue Textversion unseren Lektoratsaufwand beträchtlich.<br />
Wir haben uns also etwas überlegt und schlagen als Lösung vor: Wenn Sie uns bereits einen Text zugeschickt haben, dann aber ganz unglücklich mit der einen oder anderen Formulierung, diesem oder jenem Textabschnitt sind und/oder im Nachhinein eine bahnbrechende Idee einarbeiten wollen, so markieren Sie die geänderten Stellen bitte in Farbe, bevor Sie uns das überarbeitete Dokument zuschicken. Für Sie nicht viel Aufwand, für uns eine enorme Erleichterung. Einverstanden? 😉</p>
<p>Ein kleiner Hinweis noch auf die Inhalte, die auf verdichtet.at veröffentlicht werden: Auf unserer Seite finden alle Arten von Kurztexten ihre Heimat, es gibt allerdings zwei Ausnahmen: Wir veröffentlichen erstens keine Kinderliteratur, weil sich unsere Plattform eindeutig an Erwachsene richtet und wir uns damit festgelegt haben. Wir haben auch klar ausgewiesene &#8222;erwachsene&#8220; Kategorien, und die verträgliche Mischung mit Kinderliteratur (die wir im Übrigen auch sehr schätzen) kann da unseres Erachtens kaum gelingen. Zweitens, und damit kommen wir zur nächsten Ausnahme, haben wir nur ganz wenig Mundartliches veröffentlicht, weil viele Lesende ihre Probleme mit Dialektalem haben, und das trübt dann das Lesevergnügen. Wir wollen für möglichst alle lesbar und verständlich bleiben, die der deutschen Sprache mächtig sind, und bitten deswegen um Verständnis, dass ein stark mundartlich geprägter Text dem häufig nicht entsprechen kann.<br />
Abgesehen von diesen beiden Ausnahmen ist uns aber natürlich alles willkommen, was mit Hingabe und Eigensinn geschrieben wurde.</p>
<p>Sollten sich Zeitungen oder Verlage für Ihren Text interessieren, so nehmen wir Kontakt mit Ihnen auf und holen Ihr Einverständnis zur dortigen Veröffentlichung ein. Daraus resultierende Honorarzahlungen werden zur Gänze an Sie, unsere AutorInnen, weitergegeben.</p>
<p>Bitte geben Sie Namen und Adresse an. Üblicherweise wird Ihr Name beim Text aufscheinen, die übrigen Daten werden weder veröffentlicht noch an Dritte weitergegeben. Sollten Sie keine Namensnennung oder die Verwendung eines Pseudonyms bei Ihrem Text wünschen, so vermerken Sie dies bitte, auch dieser Wunsch wird respektiert.</p>
<p>Am einfachsten ist es für uns, wenn Sie uns Ihren Text als Word-Dokument schicken, aber auch OpenDocument-Textformate sind möglich.<b> </b></p>
<p>Ihre Texte senden Sie bitte an <a href="mailto:redaktion@verdichtet.at">redaktion@verdichtet.at</a>.</p>

<p>Wir freuen uns über Ihre Texte. Bitte beachten Sie auch das Folgende: Das Redaktionsteam entscheidet in Absprache mit mehreren TestleserInnen, denen die Texte anonymisiert vorgelegt werden, über die Aufnahme eines Textes. Die Veröffentlichung auf verdichtet.at erfolgt kostenlos. Die Redaktion behält sich vor, offensichtliche Rechtschreib- und Grammatikfehler zu korrigieren, ansonsten bleiben die Texte unverändert. Sollten wir darüber [&hellip;]</p>
